{"id":52,"date":"2013-07-26T00:48:59","date_gmt":"2013-07-25T22:48:59","guid":{"rendered":"http:\/\/perseus.bupnet.de\/?page_id=52"},"modified":"2013-12-16T12:32:48","modified_gmt":"2013-12-16T10:32:48","slug":"espagnol","status":"publish","type":"page","link":"https:\/\/perseus.bupnet.de\/?page_id=52","title":{"rendered":"Espa\u00f1ol"},"content":{"rendered":"<p><!--[if gte mso 9]><xml>\n<w:WordDocument>\n<w:View>Normal<\/w:View>\n<w:Zoom>0<\/w:Zoom>\n<w:HyphenationZone>21<\/w:HyphenationZone>\n<w:PunctuationKerning\/>\n<w:ValidateAgainstSchemas\/>\n<w:SaveIfXMLInvalid>false<\/w:SaveIfXMLInvalid>\n<w:IgnoreMixedContent>false<\/w:IgnoreMixedContent>\n<w:AlwaysShowPlaceholderText>false<\/w:AlwaysShowPlaceholderText>\n<w:Compatibility>\n<w:BreakWrappedTables\/>\n<w:SnapToGridInCell\/>\n<w:WrapTextWithPunct\/>\n<w:UseAsianBreakRules\/>\n<w:DontGrowAutofit\/>\n<\/w:Compatibility>\n<w:BrowserLevel>MicrosoftInternetExplorer4<\/w:BrowserLevel>\n<\/w:WordDocument>\n<\/xml><![endif]--><\/p>\n<p class=\"normal\" style=\"margin-bottom: 6.0pt; text-align: justify;\">Debido al cambio demogr\u00e1fico y a la escasez de mano de obra cualificada en diversos sectores de la econom\u00eda alemana hay muchas empresas interesadas en la captaci\u00f3n e integraci\u00f3n de trabajadores de Europa del Sur, especialmente Espa\u00f1a, que debido a la actual situaci\u00f3n de crisis se encuentran sin empleo.<\/p>\n<p class=\"normal\" style=\"margin-bottom: 6.0pt; text-align: justify;\">El Proyecto \u201c<b style=\"mso-bidi-font-weight: normal;\">Perseus<\/b>\u201d apoya a Peque\u00f1as y Medianas Empresas del Norte de Hesse, en la b\u00fasqueda de personal, elecci\u00f3n y posterior integraci\u00f3n de trabajadores espa\u00f1oles, mediante el desarrollo conjunto de una red, as\u00ed como la formaci\u00f3n y capacitaci\u00f3n de las empresas.<\/p>\n<p class=\"normal\" style=\"margin-bottom: 6.0pt; text-align: justify;\"><b style=\"mso-bidi-font-weight: normal;\">\u201cPerseus\u201d<\/b> prepara y ayuda a <span style=\"text-decoration: underline;\">Empresas <\/span>de la regi\u00f3n Norte de Hesse en:<\/p>\n<p class=\"normal\" style=\"margin-bottom: 6.0pt; text-align: justify;\">-Contacto con trabajadores cualificados espa\u00f1oles.<\/p>\n<p class=\"normal\" style=\"margin-bottom: 6.0pt; text-align: justify;\">-Transmitir las Ofertas de Empleo del Norte de Hesse al mercado espa\u00f1ol.<\/p>\n<p class=\"normal\" style=\"margin-bottom: 6.0pt; text-align: justify;\">-Elecci\u00f3n y preparaci\u00f3n del Solicitante de empleo.<\/p>\n<p class=\"normal\" style=\"margin-bottom: 6.0pt; text-align: justify;\">-Tramitaci\u00f3n del procedimiento de Solicitud de Empleo.<\/p>\n<p class=\"normal\" style=\"margin-bottom: 6.0pt; text-align: justify;\">-Comprobaci\u00f3n y valoraci\u00f3n de los perfiles de cualificaci\u00f3n.<\/p>\n<p class=\"normal\" style=\"margin-bottom: 6.0pt; text-align: justify;\">-Apoyo e instrumento de Financiaci\u00f3n.<\/p>\n<p class=\"normal\" style=\"margin-bottom: 6.0pt; text-align: justify;\">-Organizaci\u00f3n de Cursos de preparaci\u00f3n y de idiomas.<\/p>\n<p class=\"normal\" style=\"margin-bottom: 6.0pt; text-align: justify;\">-Atenci\u00f3n a los trabajadores espa\u00f1oles.<\/p>\n<p class=\"normal\" style=\"margin-bottom: 6.0pt; text-align: justify;\"><b style=\"mso-bidi-font-weight: normal;\">\u201cPerseus\u201d<\/b> facilita al <span style=\"text-decoration: underline;\">demandante de Empleo<\/span>:<\/p>\n<p class=\"normal\" style=\"margin-bottom: 6.0pt; text-align: justify;\">-Contacto con los empresarios del Norte de Hesse.<\/p>\n<p class=\"normal\" style=\"margin-bottom: 6.0pt; text-align: justify;\">-Asesoramiento en la b\u00fasqueda y demanda de Empleo.<\/p>\n<p class=\"normal\" style=\"margin-bottom: 6.0pt; text-align: justify;\">-Apoyo en el inicio de la actividad e integraci\u00f3n.<\/p>\n<p class=\"normal\" style=\"margin-bottom: 6.0pt; text-align: justify;\"><b style=\"mso-bidi-font-weight: normal;\">\u201cPerseus\u201d<\/b> ofrece a <span style=\"text-decoration: underline;\">organismos e instituciones<\/span> espa\u00f1olas, tales como:<\/p>\n<p class=\"normal\" style=\"margin-bottom: 6.0pt; text-align: justify;\">-Centros de Formaci\u00f3n Profesional,<\/p>\n<p class=\"normal\" style=\"margin-bottom: 6.0pt; text-align: justify;\">-Administraciones de empleo,<\/p>\n<p class=\"normal\" style=\"margin-bottom: 6.0pt; text-align: justify;\">-Organismos locales, etc.,<\/p>\n<p class=\"normal\" style=\"margin-bottom: 6.0pt; text-align: justify;\">&#8230;cooperaci\u00f3n en la selecci\u00f3n y preparaci\u00f3n de especialistas espa\u00f1oles para el inicio de su actividad profesional en el Norte de Hesse.<\/p>\n<p class=\"normal\" style=\"margin-bottom: 6.0pt; text-align: justify;\"><b style=\"mso-bidi-font-weight: normal;\">Todos los interesados en formar parte en el proyecto (demandantes de empleo, administraciones, centros de formaci\u00f3n, etc,.) puede contactar directamente con nosotros en nuestra direcci\u00f3n de correo electr\u00f3nico.<\/b><\/p>\n<p class=\"normal\" style=\"margin-bottom: 6.0pt; text-align: justify;\">La regi\u00f3n del Norte de Hesse es una regi\u00f3n situada en el centro de Alemania.<span style=\"mso-spacerun: yes;\">\u00a0 <\/span>En ella viven m\u00e1s de un mill\u00f3n de personas, siendo la capital y ciudad m\u00e1s grande Kassel. (<a href=\"https:\/\/es.wikipedia.org\/wiki\/Regi\u00f3n_de_Kassel\"><i style=\"mso-bidi-font-style: normal;\"><span style=\"color: navy;\">Regi\u00f3n de Kassel<\/span><\/i><\/a>)<\/p>\n<p class=\"normal\" style=\"margin-bottom: 6.0pt; text-align: justify;\">El Proyecto \u201cPerseus\u201d (<b style=\"mso-bidi-font-weight: normal;\">Pers<\/b>onalmanagement im Kontext <b style=\"mso-bidi-font-weight: normal;\">eu<\/b>rop\u00e4ischer Arbeitsmigration Schwerpunkt: <b style=\"mso-bidi-font-weight: normal;\">s<\/b>panische Fachkr\u00e4fte, es decir, Gesti\u00f3n de Personal en el Contexto de la Migraci\u00f3n Laboral europea, con enfoque a los especialistas espa\u00f1oles), en cooperaci\u00f3n con la Administraci\u00f3n regional de la comarca de Kassel es realizado por <a href=\"http:\/\/www.bupnet.de\/\"><span style=\"color: #1155cc;\">BUPNET GmbH<\/span><\/a>.<\/p>\n<p class=\"normal\" style=\"margin-bottom: 6.0pt; text-align: justify;\">El Proyecto tiene una duraci\u00f3n prevista hasta fin del a\u00f1o 2014.<\/p>\n<p class=\"normal\" style=\"margin-bottom: 6.0pt; text-align: justify;\">En esta p\u00e1gina web encontrar\u00e1n informaci\u00f3n sobre el desarrollo, ofertas y dem\u00e1s informaci\u00f3n, que se ir\u00e1 actualizando peri\u00f3dicamente.<\/p>\n<p class=\"normal\" style=\"margin-bottom: 6.0pt; text-align: justify;\"><i style=\"mso-bidi-font-style: normal;\">Proyecto cofinanciado por el Fondo Social Europeo y el Estado Federado de Hesse.<\/i><\/p>\n<p><!--[if gte mso 9]><xml>\n<w:LatentStyles DefLockedState=\"false\" LatentStyleCount=\"156\">\n<\/w:LatentStyles>\n<\/xml><![endif]--><!--[if gte mso 10]>\n\n\n\n<style>\n \/* Style Definitions *\/\n table.MsoNormalTable\n\t{mso-style-name:\"Normale Tabelle\";\n\tmso-tstyle-rowband-size:0;\n\tmso-tstyle-colband-size:0;\n\tmso-style-noshow:yes;\n\tmso-style-parent:\"\";\n\tmso-padding-alt:0cm 5.4pt 0cm 5.4pt;\n\tmso-para-margin:0cm;\n\tmso-para-margin-bottom:.0001pt;\n\tmso-pagination:widow-orphan;\n\tfont-size:10.0pt;\n\tfont-family:\"Times New Roman\";\n\tmso-ansi-language:#0400;\n\tmso-fareast-language:#0400;\n\tmso-bidi-language:#0400;}\n<\/style>\n\n<![endif]-->Federado de Hesse.<\/p>\n","protected":false},"excerpt":{"rendered":"<p>Debido al cambio demogr\u00e1fico y a la escasez de mano de obra cualificada en diversos sectores de la econom\u00eda alemana hay muchas empresas interesadas en la captaci\u00f3n e integraci\u00f3n de trabajadores de Europa del Sur, especialmente Espa\u00f1a, que debido a &hellip; <a href=\"https:\/\/perseus.bupnet.de\/?page_id=52\">Weiterlesen <span class=\"meta-nav\">&rarr;<\/span><\/a><\/p>\n","protected":false},"author":1,"featured_media":54,"parent":0,"menu_order":3,"comment_status":"closed","ping_status":"closed","template":"","meta":{"footnotes":""},"class_list":["post-52","page","type-page","status-publish","has-post-thumbnail","hentry"],"_links":{"self":[{"href":"https:\/\/perseus.bupnet.de\/index.php?rest_route=\/wp\/v2\/pages\/52","targetHints":{"allow":["GET"]}}],"collection":[{"href":"https:\/\/perseus.bupnet.de\/index.php?rest_route=\/wp\/v2\/pages"}],"about":[{"href":"https:\/\/perseus.bupnet.de\/index.php?rest_route=\/wp\/v2\/types\/page"}],"author":[{"embeddable":true,"href":"https:\/\/perseus.bupnet.de\/index.php?rest_route=\/wp\/v2\/users\/1"}],"replies":[{"embeddable":true,"href":"https:\/\/perseus.bupnet.de\/index.php?rest_route=%2Fwp%2Fv2%2Fcomments&post=52"}],"version-history":[{"count":23,"href":"https:\/\/perseus.bupnet.de\/index.php?rest_route=\/wp\/v2\/pages\/52\/revisions"}],"predecessor-version":[{"id":237,"href":"https:\/\/perseus.bupnet.de\/index.php?rest_route=\/wp\/v2\/pages\/52\/revisions\/237"}],"wp:featuredmedia":[{"embeddable":true,"href":"https:\/\/perseus.bupnet.de\/index.php?rest_route=\/wp\/v2\/media\/54"}],"wp:attachment":[{"href":"https:\/\/perseus.bupnet.de\/index.php?rest_route=%2Fwp%2Fv2%2Fmedia&parent=52"}],"curies":[{"name":"wp","href":"https:\/\/api.w.org\/{rel}","templated":true}]}}